{"id":3319,"date":"2025-06-18T12:42:09","date_gmt":"2025-06-18T10:42:09","guid":{"rendered":"https:\/\/masgraffiti.fr\/?post_type=product&#038;p=3319"},"modified":"2026-03-28T21:59:45","modified_gmt":"2026-03-28T20:59:45","slug":"3319","status":"publish","type":"product","link":"https:\/\/masgraffiti.fr\/?product=3319","title":{"rendered":"BDX"},"content":{"rendered":"<p style=\"text-align: center;\">TEE SHIRT BDX<br \/>\n<img data-recalc-dims=\"1\" fetchpriority=\"high\" decoding=\"async\" src=\"https:\/\/i0.wp.com\/masgraffiti.fr\/wp-content\/uploads\/2025\/06\/Capture-decran-2025-08-06-a-16.59.03.png?resize=300%2C300&#038;ssl=1\" alt=\"\" width=\"300\" height=\"300\" class=\"aligncenter size-medium wp-image-3852\" srcset=\"https:\/\/i0.wp.com\/masgraffiti.fr\/wp-content\/uploads\/2025\/06\/Capture-decran-2025-08-06-a-16.59.03.png?resize=300%2C300&amp;ssl=1 300w, https:\/\/i0.wp.com\/masgraffiti.fr\/wp-content\/uploads\/2025\/06\/Capture-decran-2025-08-06-a-16.59.03.png?resize=1022%2C1024&amp;ssl=1 1022w, https:\/\/i0.wp.com\/masgraffiti.fr\/wp-content\/uploads\/2025\/06\/Capture-decran-2025-08-06-a-16.59.03.png?resize=150%2C150&amp;ssl=1 150w, https:\/\/i0.wp.com\/masgraffiti.fr\/wp-content\/uploads\/2025\/06\/Capture-decran-2025-08-06-a-16.59.03.png?resize=768%2C769&amp;ssl=1 768w, https:\/\/i0.wp.com\/masgraffiti.fr\/wp-content\/uploads\/2025\/06\/Capture-decran-2025-08-06-a-16.59.03.png?resize=600%2C601&amp;ssl=1 600w, https:\/\/i0.wp.com\/masgraffiti.fr\/wp-content\/uploads\/2025\/06\/Capture-decran-2025-08-06-a-16.59.03.png?resize=160%2C160&amp;ssl=1 160w, https:\/\/i0.wp.com\/masgraffiti.fr\/wp-content\/uploads\/2025\/06\/Capture-decran-2025-08-06-a-16.59.03.png?resize=50%2C50&amp;ssl=1 50w, https:\/\/i0.wp.com\/masgraffiti.fr\/wp-content\/uploads\/2025\/06\/Capture-decran-2025-08-06-a-16.59.03.png?resize=100%2C100&amp;ssl=1 100w, https:\/\/i0.wp.com\/masgraffiti.fr\/wp-content\/uploads\/2025\/06\/Capture-decran-2025-08-06-a-16.59.03.png?w=1336&amp;ssl=1 1336w\" sizes=\"(max-width: 300px) 100vw, 300px\" \/><\/p>\n<p style=\"text-align: center;\"><strong data-start=\"537\" data-end=\"598\">Quand l\u2019art sort de la toile et entre dans ton quotidien.<\/strong><br data-start=\"598\" data-end=\"601\" \/><span>Je transforme des objets simples en pi\u00e8ces uniques.<\/span><br data-start=\"654\" data-end=\"657\" \/><span>Un coup de bombe, un trait de sens, un message sur mesure.<\/span><br data-start=\"717\" data-end=\"720\" \/><span>Toi + ton histoire + mon style = une cr\u00e9ation 100 % perso.<\/span><\/p>\n","protected":false},"excerpt":{"rendered":"<p>T-shirt unisexe en coton bio, inspir\u00e9 d\u2019une fresque murale de Mas Graffiti. Design original imprim\u00e9 \u00e0 la demande. \u00c9dition limit\u00e9e.<\/p>\n","protected":false},"featured_media":3852,"comment_status":"open","ping_status":"closed","template":"","meta":{"_themeisle_gutenberg_block_has_review":false},"product_brand":[],"product_cat":[29],"product_tag":[30],"class_list":{"0":"post-3319","1":"product","2":"type-product","3":"status-publish","4":"has-post-thumbnail","6":"product_cat-tee-shirt","7":"product_tag-tee-shirt","9":"first","10":"instock","11":"taxable","12":"shipping-taxable","13":"purchasable","14":"product-type-variable"},"yoast_head":"<!-- This site is optimized with the Yoast SEO plugin v27.5 - https:\/\/yoast.com\/product\/yoast-seo-wordpress\/ -->\n<title>T-shirt street art \u201cVandal\u201d \u2013 coton bio \u2013 Mas Graffiti - M\u00e0s artiste muraliste street art Bordeaux<\/title>\n<meta name=\"description\" content=\"T-shirt unisexe en coton bio, inspir\u00e9 d\u2019une fresque murale de Mas Graffiti. Design original imprim\u00e9 \u00e0 la demande. \u00c9dition limit\u00e9e.\" \/>\n<meta name=\"robots\" content=\"index, follow, max-snippet:-1, max-image-preview:large, max-video-preview:-1\" \/>\n<link rel=\"canonical\" href=\"https:\/\/masgraffiti.fr\/?product=3319\" \/>\n<meta property=\"og:locale\" content=\"fr_FR\" \/>\n<meta property=\"og:type\" content=\"article\" \/>\n<meta property=\"og:title\" content=\"T-shirt street art \u201cVandal\u201d \u2013 coton bio \u2013 Mas Graffiti - M\u00e0s artiste muraliste street art Bordeaux\" \/>\n<meta property=\"og:description\" content=\"T-shirt unisexe en coton bio, inspir\u00e9 d\u2019une fresque murale de Mas Graffiti. Design original imprim\u00e9 \u00e0 la demande. \u00c9dition limit\u00e9e.\" \/>\n<meta property=\"og:url\" content=\"https:\/\/masgraffiti.fr\/?product=3319\" \/>\n<meta property=\"og:site_name\" content=\"M\u00e0s artiste muraliste street art Bordeaux\" \/>\n<meta property=\"article:modified_time\" content=\"2026-03-28T20:59:45+00:00\" \/>\n<meta property=\"og:image\" content=\"https:\/\/masgraffiti.fr\/wp-content\/uploads\/2025\/06\/Capture-decran-2025-08-06-a-16.59.03.png\" \/>\n\t<meta property=\"og:image:width\" content=\"1336\" \/>\n\t<meta property=\"og:image:height\" content=\"1338\" \/>\n\t<meta property=\"og:image:type\" content=\"image\/png\" \/>\n<meta name=\"twitter:card\" content=\"summary_large_image\" \/>\n<meta name=\"twitter:label1\" content=\"Dur\u00e9e de lecture estim\u00e9e\" \/>\n\t<meta name=\"twitter:data1\" content=\"1 minute\" \/>\n<script type=\"application\/ld+json\" class=\"yoast-schema-graph\">{\"@context\":\"https:\\\/\\\/schema.org\",\"@graph\":[{\"@type\":\"WebPage\",\"@id\":\"https:\\\/\\\/masgraffiti.fr\\\/?product=3319\",\"url\":\"https:\\\/\\\/masgraffiti.fr\\\/?product=3319\",\"name\":\"T-shirt street art \u201cVandal\u201d \u2013 coton bio \u2013 Mas Graffiti - M\u00e0s artiste muraliste street art Bordeaux\",\"isPartOf\":{\"@id\":\"https:\\\/\\\/masgraffiti.fr\\\/#website\"},\"primaryImageOfPage\":{\"@id\":\"https:\\\/\\\/masgraffiti.fr\\\/?product=3319#primaryimage\"},\"image\":{\"@id\":\"https:\\\/\\\/masgraffiti.fr\\\/?product=3319#primaryimage\"},\"thumbnailUrl\":\"https:\\\/\\\/i0.wp.com\\\/masgraffiti.fr\\\/wp-content\\\/uploads\\\/2025\\\/06\\\/Capture-decran-2025-08-06-a-16.59.03.png?fit=1336%2C1338&ssl=1\",\"datePublished\":\"2025-06-18T10:42:09+00:00\",\"dateModified\":\"2026-03-28T20:59:45+00:00\",\"description\":\"T-shirt unisexe en coton bio, inspir\u00e9 d\u2019une fresque murale de Mas Graffiti. Design original imprim\u00e9 \u00e0 la demande. \u00c9dition limit\u00e9e.\",\"breadcrumb\":{\"@id\":\"https:\\\/\\\/masgraffiti.fr\\\/?product=3319#breadcrumb\"},\"inLanguage\":\"fr-FR\",\"potentialAction\":[{\"@type\":\"ReadAction\",\"target\":[\"https:\\\/\\\/masgraffiti.fr\\\/?product=3319\"]}]},{\"@type\":\"ImageObject\",\"inLanguage\":\"fr-FR\",\"@id\":\"https:\\\/\\\/masgraffiti.fr\\\/?product=3319#primaryimage\",\"url\":\"https:\\\/\\\/i0.wp.com\\\/masgraffiti.fr\\\/wp-content\\\/uploads\\\/2025\\\/06\\\/Capture-decran-2025-08-06-a-16.59.03.png?fit=1336%2C1338&ssl=1\",\"contentUrl\":\"https:\\\/\\\/i0.wp.com\\\/masgraffiti.fr\\\/wp-content\\\/uploads\\\/2025\\\/06\\\/Capture-decran-2025-08-06-a-16.59.03.png?fit=1336%2C1338&ssl=1\",\"width\":1336,\"height\":1338},{\"@type\":\"BreadcrumbList\",\"@id\":\"https:\\\/\\\/masgraffiti.fr\\\/?product=3319#breadcrumb\",\"itemListElement\":[{\"@type\":\"ListItem\",\"position\":1,\"name\":\"Accueil\",\"item\":\"https:\\\/\\\/masgraffiti.fr\\\/\"},{\"@type\":\"ListItem\",\"position\":2,\"name\":\"Boutique\",\"item\":\"https:\\\/\\\/masgraffiti.fr\\\/?page_id=3055\"},{\"@type\":\"ListItem\",\"position\":3,\"name\":\"BDX\"}]},{\"@type\":\"WebSite\",\"@id\":\"https:\\\/\\\/masgraffiti.fr\\\/#website\",\"url\":\"https:\\\/\\\/masgraffiti.fr\\\/\",\"name\":\"MAS GRAFFITI\",\"description\":\"fresques &amp; graffiti professionnels\",\"publisher\":{\"@id\":\"https:\\\/\\\/masgraffiti.fr\\\/#\\\/schema\\\/person\\\/654d2a3f7493805146b95cc4dc8acbd3\"},\"alternateName\":\"Mas graffeur\",\"potentialAction\":[{\"@type\":\"SearchAction\",\"target\":{\"@type\":\"EntryPoint\",\"urlTemplate\":\"https:\\\/\\\/masgraffiti.fr\\\/?s={search_term_string}\"},\"query-input\":{\"@type\":\"PropertyValueSpecification\",\"valueRequired\":true,\"valueName\":\"search_term_string\"}}],\"inLanguage\":\"fr-FR\"},{\"@type\":[\"Person\",\"Organization\"],\"@id\":\"https:\\\/\\\/masgraffiti.fr\\\/#\\\/schema\\\/person\\\/654d2a3f7493805146b95cc4dc8acbd3\",\"name\":\"MAS\",\"image\":{\"@type\":\"ImageObject\",\"inLanguage\":\"fr-FR\",\"@id\":\"https:\\\/\\\/i0.wp.com\\\/masgraffiti.fr\\\/wp-content\\\/uploads\\\/2024\\\/11\\\/Flop-3-1.png?fit=2137%2C1368&ssl=1\",\"url\":\"https:\\\/\\\/i0.wp.com\\\/masgraffiti.fr\\\/wp-content\\\/uploads\\\/2024\\\/11\\\/Flop-3-1.png?fit=2137%2C1368&ssl=1\",\"contentUrl\":\"https:\\\/\\\/i0.wp.com\\\/masgraffiti.fr\\\/wp-content\\\/uploads\\\/2024\\\/11\\\/Flop-3-1.png?fit=2137%2C1368&ssl=1\",\"width\":2137,\"height\":1368,\"caption\":\"MAS\"},\"logo\":{\"@id\":\"https:\\\/\\\/i0.wp.com\\\/masgraffiti.fr\\\/wp-content\\\/uploads\\\/2024\\\/11\\\/Flop-3-1.png?fit=2137%2C1368&ssl=1\"},\"sameAs\":[\"https:\\\/\\\/masgraffiti.fr\"]}]}<\/script>\n<!-- \/ Yoast SEO plugin. -->","yoast_head_json":{"title":"T-shirt street art \u201cVandal\u201d \u2013 coton bio \u2013 Mas Graffiti - M\u00e0s artiste muraliste street art Bordeaux","description":"T-shirt unisexe en coton bio, inspir\u00e9 d\u2019une fresque murale de Mas Graffiti. Design original imprim\u00e9 \u00e0 la demande. \u00c9dition limit\u00e9e.","robots":{"index":"index","follow":"follow","max-snippet":"max-snippet:-1","max-image-preview":"max-image-preview:large","max-video-preview":"max-video-preview:-1"},"canonical":"https:\/\/masgraffiti.fr\/?product=3319","og_locale":"fr_FR","og_type":"article","og_title":"T-shirt street art \u201cVandal\u201d \u2013 coton bio \u2013 Mas Graffiti - M\u00e0s artiste muraliste street art Bordeaux","og_description":"T-shirt unisexe en coton bio, inspir\u00e9 d\u2019une fresque murale de Mas Graffiti. Design original imprim\u00e9 \u00e0 la demande. \u00c9dition limit\u00e9e.","og_url":"https:\/\/masgraffiti.fr\/?product=3319","og_site_name":"M\u00e0s artiste muraliste street art Bordeaux","article_modified_time":"2026-03-28T20:59:45+00:00","og_image":[{"width":1336,"height":1338,"url":"https:\/\/masgraffiti.fr\/wp-content\/uploads\/2025\/06\/Capture-decran-2025-08-06-a-16.59.03.png","type":"image\/png"}],"twitter_card":"summary_large_image","twitter_misc":{"Dur\u00e9e de lecture estim\u00e9e":"1 minute"},"schema":{"@context":"https:\/\/schema.org","@graph":[{"@type":"WebPage","@id":"https:\/\/masgraffiti.fr\/?product=3319","url":"https:\/\/masgraffiti.fr\/?product=3319","name":"T-shirt street art \u201cVandal\u201d \u2013 coton bio \u2013 Mas Graffiti - M\u00e0s artiste muraliste street art Bordeaux","isPartOf":{"@id":"https:\/\/masgraffiti.fr\/#website"},"primaryImageOfPage":{"@id":"https:\/\/masgraffiti.fr\/?product=3319#primaryimage"},"image":{"@id":"https:\/\/masgraffiti.fr\/?product=3319#primaryimage"},"thumbnailUrl":"https:\/\/i0.wp.com\/masgraffiti.fr\/wp-content\/uploads\/2025\/06\/Capture-decran-2025-08-06-a-16.59.03.png?fit=1336%2C1338&ssl=1","datePublished":"2025-06-18T10:42:09+00:00","dateModified":"2026-03-28T20:59:45+00:00","description":"T-shirt unisexe en coton bio, inspir\u00e9 d\u2019une fresque murale de Mas Graffiti. Design original imprim\u00e9 \u00e0 la demande. \u00c9dition limit\u00e9e.","breadcrumb":{"@id":"https:\/\/masgraffiti.fr\/?product=3319#breadcrumb"},"inLanguage":"fr-FR","potentialAction":[{"@type":"ReadAction","target":["https:\/\/masgraffiti.fr\/?product=3319"]}]},{"@type":"ImageObject","inLanguage":"fr-FR","@id":"https:\/\/masgraffiti.fr\/?product=3319#primaryimage","url":"https:\/\/i0.wp.com\/masgraffiti.fr\/wp-content\/uploads\/2025\/06\/Capture-decran-2025-08-06-a-16.59.03.png?fit=1336%2C1338&ssl=1","contentUrl":"https:\/\/i0.wp.com\/masgraffiti.fr\/wp-content\/uploads\/2025\/06\/Capture-decran-2025-08-06-a-16.59.03.png?fit=1336%2C1338&ssl=1","width":1336,"height":1338},{"@type":"BreadcrumbList","@id":"https:\/\/masgraffiti.fr\/?product=3319#breadcrumb","itemListElement":[{"@type":"ListItem","position":1,"name":"Accueil","item":"https:\/\/masgraffiti.fr\/"},{"@type":"ListItem","position":2,"name":"Boutique","item":"https:\/\/masgraffiti.fr\/?page_id=3055"},{"@type":"ListItem","position":3,"name":"BDX"}]},{"@type":"WebSite","@id":"https:\/\/masgraffiti.fr\/#website","url":"https:\/\/masgraffiti.fr\/","name":"MAS GRAFFITI","description":"fresques &amp; graffiti professionnels","publisher":{"@id":"https:\/\/masgraffiti.fr\/#\/schema\/person\/654d2a3f7493805146b95cc4dc8acbd3"},"alternateName":"Mas graffeur","potentialAction":[{"@type":"SearchAction","target":{"@type":"EntryPoint","urlTemplate":"https:\/\/masgraffiti.fr\/?s={search_term_string}"},"query-input":{"@type":"PropertyValueSpecification","valueRequired":true,"valueName":"search_term_string"}}],"inLanguage":"fr-FR"},{"@type":["Person","Organization"],"@id":"https:\/\/masgraffiti.fr\/#\/schema\/person\/654d2a3f7493805146b95cc4dc8acbd3","name":"MAS","image":{"@type":"ImageObject","inLanguage":"fr-FR","@id":"https:\/\/i0.wp.com\/masgraffiti.fr\/wp-content\/uploads\/2024\/11\/Flop-3-1.png?fit=2137%2C1368&ssl=1","url":"https:\/\/i0.wp.com\/masgraffiti.fr\/wp-content\/uploads\/2024\/11\/Flop-3-1.png?fit=2137%2C1368&ssl=1","contentUrl":"https:\/\/i0.wp.com\/masgraffiti.fr\/wp-content\/uploads\/2024\/11\/Flop-3-1.png?fit=2137%2C1368&ssl=1","width":2137,"height":1368,"caption":"MAS"},"logo":{"@id":"https:\/\/i0.wp.com\/masgraffiti.fr\/wp-content\/uploads\/2024\/11\/Flop-3-1.png?fit=2137%2C1368&ssl=1"},"sameAs":["https:\/\/masgraffiti.fr"]}]}},"jetpack_sharing_enabled":true,"_links":{"self":[{"href":"https:\/\/masgraffiti.fr\/index.php?rest_route=\/wp\/v2\/product\/3319","targetHints":{"allow":["GET"]}}],"collection":[{"href":"https:\/\/masgraffiti.fr\/index.php?rest_route=\/wp\/v2\/product"}],"about":[{"href":"https:\/\/masgraffiti.fr\/index.php?rest_route=\/wp\/v2\/types\/product"}],"replies":[{"embeddable":true,"href":"https:\/\/masgraffiti.fr\/index.php?rest_route=%2Fwp%2Fv2%2Fcomments&post=3319"}],"wp:featuredmedia":[{"embeddable":true,"href":"https:\/\/masgraffiti.fr\/index.php?rest_route=\/wp\/v2\/media\/3852"}],"wp:attachment":[{"href":"https:\/\/masgraffiti.fr\/index.php?rest_route=%2Fwp%2Fv2%2Fmedia&parent=3319"}],"wp:term":[{"taxonomy":"product_brand","embeddable":true,"href":"https:\/\/masgraffiti.fr\/index.php?rest_route=%2Fwp%2Fv2%2Fproduct_brand&post=3319"},{"taxonomy":"product_cat","embeddable":true,"href":"https:\/\/masgraffiti.fr\/index.php?rest_route=%2Fwp%2Fv2%2Fproduct_cat&post=3319"},{"taxonomy":"product_tag","embeddable":true,"href":"https:\/\/masgraffiti.fr\/index.php?rest_route=%2Fwp%2Fv2%2Fproduct_tag&post=3319"}],"curies":[{"name":"wp","href":"https:\/\/api.w.org\/{rel}","templated":true}]}}